*t + 245. List the prime factors of j(68).
2897
Let p(z) = z**2 + 19*z - 69. Let l be p(-22). List the prime factors of 4/l - 121209/(-99).
1223
Let x(s) = 169*s + 1683. Let w be x(-10). Let n = -48 - 39. Let o = w - n. List the prime factors of o.
2, 5
What are the prime factors of -4*(-3)/4*1163*3?
3, 1163
Suppose -2872690 = -264*w + 231*w - 457618. What are the prime factors of w?
2, 2287
Suppose 2*g - 6534 = 2*z, -4*z - 3264 = -3*g + 2*g. Let r = -1690 + g. List the prime factors of r.
2, 3, 263
Let j be (-76)/(79/(-9) + 9). Let w = 742 + j. What are the prime factors of w?
2, 5
Suppose -16*q = -49301 - 16075. What are the prime factors of q?
2, 3, 227
Let y(s) = -s**2 - 12*s - 14. Let c be y(-10). Suppose c = -2*n + 26. Suppose -4*u = n*u - 252. What are the prime factors of u?
2, 3
Suppose -4*b - 57180 = -4*g, -13*b - 14304 = -g - 15*b. List the prime factors of g.
2, 3, 2383
Suppose -3*x = -3*a + 1719, -a = -4*a - 4*x + 1726. Suppose -y = 3*g - a, 0*g - 6 = -2*g. What are the prime factors of y?
5, 113
Let h = -6761 - -11897. What are the prime factors of h?
2, 3, 107
Let k(h) = h**3 - 4*h**2 + 4*h + 1. Let g be k(2). Let a(z) = -6*z + 13*z**2 - 6 + 2 + g. List the prime factors of a(-2).
61
Let z(k) = -481*k + 16. Let c(o) = -481*o + 15. Let g(t) = 7*c(t) - 6*z(t). Let l be g(-7). List the prime factors of l/64 + 2/8.
53
Let m(t) be the first derivative of -t**4/4 + 4*t**3/3 + 5*t**2/2 + 12*t + 113. Let g be -1 + (-6)/2*1. List the prime factors of m(g).
2, 3, 5
Suppose 0 = -5*b + 5*y + 128910, -3*b + 90926 = 6*y + 13562. List the prime factors of b.
2, 11, 293
Let g = -2369 - -5070. List the prime factors of g.
37, 73
Suppose -4*y + 27160 = 10*a - 7*a, 3*a = -5*y + 33953. List the prime factors of y.
6793
Suppose 5*z - 4*i = 5, z + 2*z + i - 20 = 0. Suppose -5*g - 13 = 7, g + 178 = 2*y. Suppose z*n + y = 6*n. List the prime factors of n.
3, 29
Let g(c) = 31*c**2 + 605*c + 153. List the prime factors of g(-27).
3, 23, 31
Let i be (3/(-6))/((-5)/40). Suppose b + i - 8 = 0. Suppose -p = -3*s - 18 - 12, -b*p + s = -98. What are the prime factors of p?
2, 3
List the prime factors of (-31)/((-12)/((-2340)/(-13))).
3, 5, 31
Let o(a) = 50*a**2 - 9*a + 331. What are the prime factors of o(-21)?
2, 5, 37, 61
Suppose 0 = -197*i + 145*i + 1180042 - 124494. What are the prime factors of i?
53, 383
Let c = -150 + 150. Suppose c = -y - 3, -12*t - 4*y = -7*t - 923. What are the prime factors of t?
11, 17
Suppose -f = 5*v + 13 - 1, -2*v = -4*f - 4. What are the prime factors of 0 + -5 - -5 - v - -364?
2, 3, 61
Suppose -59866 - 100658 = -147*f. What are the prime factors of f?
2, 3, 7, 13
Let u(z) = 62*z**2 + 14*z - 34. Let v be u(4). Suppose 3*m - 1517 = -4*w, -v = -8*m + 6*m - 4*w. List the prime factors of m.
503
Let k(l) = 5*l**2 - 7*l + 8. Let a be k(-7). Suppose -15*i = -478 - a. Suppose i*p + 1370 = 57*p. What are the prime factors of p?
2, 137
Let n = -845 + 831. What are the prime factors of 6 + 588 + (-9 - n)?
599
List the prime factors of -19165*(-1)/(-2)*1968/(-2460).
2, 3833
Suppose 4*x - 5268 = -3*k - 1228, -5*x = -10. Suppose -63*w + 836 = -25*w. Suppose k = -w*f + 29*f. What are the prime factors of f?
2, 3
Let d = 47 + -43. Let o be 1 + -3 + (d - -9 - 2). Let v(y) = 8*y + 21. What are the prime factors of v(o)?
3, 31
Suppose -29*o + 5*g + 36970 = -24*o, -3*o - 3*g = -22158. List the prime factors of o.
2, 5, 739
Suppose -w - 158 = 227. Let m = 86 + w. Let y = 464 + m. What are the prime factors of y?
3, 5, 11
Suppose -3*y - 23*l = -24*l - 19073, -4*l = -4*y + 25428. List the prime factors of y.
2, 11, 17
Suppose -v - 85 = 2*u - 6712, 2*v - 6*u = 13274. List the prime factors of v.
19, 349
Let r(y) = y + 8. Let w be r(-6). Suppose u - w*u = -2. Suppose 3*h - 55 = u*h. List the prime factors of h.
5, 11
Suppose 0 = -239*h + 121974 + 213582. What are the prime factors of h?
2, 3, 13
Suppose 4*g + 19 = -13. What are the prime factors of (148/(-10))/((-2)/(82 - g))?
2, 3, 37
What are the prime factors of (-2)/(-13) - (-5274)/13*(-4300)/(-150)?
2, 5, 1163
Suppose 0 = 63*i - 60*i + 1098. List the prime factors of i*(3 - 10/3).
2, 61
Let v(y) = y**2 - 20*y + 27. Let o be v(12). Let a = -62 - o. Let s(u) = u**3 - 3*u**2 - 15*u - 17. What are the prime factors of s(a)?
2, 37
What are the prime factors of (-14)/42 - (-405808)/48?
2, 3, 1409
Let y be 4 + (-188)/(-6)*63. Let z = y + -748. List the prime factors of z.
2, 3, 5, 41
Let o = -101356 - -144111. List the prime factors of o.
5, 17, 503
Let y(a) = 2*a + 9. Let m be y(10). Let c = m - 15. Suppose 0 = -b + 4*x + 1, x + c = 2*b - x. List the prime factors of b.
3
Let g be (-6)/21 - 1878/42. Let p = -48 - g. List the prime factors of -4 + 0 + 25 + (-6)/p.
23
Suppose -4*f = -16, -4*k + f + 95700 = -0*f. List the prime factors of k.
2, 7, 1709
Let t = -19013 + 35984. What are the prime factors of t?
3, 5657
Let j(h) = h**2 + 27*h - 42. Let r be 86/(-14) + (-1)/(-7). Let b(z) = -z**3 - 8*z**2 - 6*z + 3. Let c be b(r). List the prime factors of j(c).
2, 3, 13
Let k = 7069 - 5479. What are the prime factors of k?
2, 3, 5, 53
Let i = -13869 + 23758. List the prime factors of i.
11, 29, 31
Let k = 37886 - 26176. List the prime factors of k.
2, 5, 1171
Let s = 89 + -75. Suppose 0 = -r + s*r + 351. What are the prime factors of -111*r/21 + 4/14?
11, 13
Suppose 2*m + 11*m + 117 = 0. List the prime factors of (-3)/(351/(-26)) - 295/m.
3, 11
List the prime factors of ((-6)/(-3) - 7) + 3 + 6832.
2, 5, 683
Suppose 0 = 5*i - 19 + 9. Suppose -i*d = 3*d. Suppose d = -6*p + 2*p + 56. List the prime factors of p.
2, 7
Let x be 8/3 - 4/30*5. Suppose -4*p + 164 + 154 = j, -647 = -x*j + 3*p. Let v = -183 + j. What are the prime factors of v?
139
Let g(w) = w**3 - 7*w**2 + 1. Let f be g(6). Let a be (-24)/(-64) + 2618/16. Let y = a + f. List the prime factors of y.
3, 43
Let f be 56/9 - (-4)/(-18). Let y(v) = -3*v**2 + 3*v + 3. Let h be y(f). Let m = 187 + h. What are the prime factors of m?
2, 5
Suppose -13*n = 9*n - 360844. What are the prime factors of n?
2, 59, 139
Suppose -4*s + 5*y + 7 = -25, 0 = 3*s - 3*y - 21. Suppose -o = o + 10, s*r + 3*o - 153 = 0. List the prime factors of r.
2, 7
Suppose 468615 = 27*d + 132978. What are the prime factors of d?
31, 401
What are the prime factors of 37141986/1134 + (-4)/54?
7, 4679
Let g(f) = -5*f**2 + f. Let x be g(-3). Let u = x - 45. Let q = -11 - u. What are the prime factors of q?
2, 41
Suppose 0 = 8*a - 11*a - 11*a + 169330. What are the prime factors of a?
5, 41, 59
Let g(i) = 809*i**2 - 192*i - 42. List the prime factors of g(-8).
2, 5, 7, 761
What are the prime factors of (-2 - -8*209) + 6?
2, 419
Suppose 5 = n - 9. Suppose -4*f - 5*q - 3 = 0, -f - 9 = f + 5*q. List the prime factors of n - ((-9)/1)/f.
17
List the prime factors of 3989/((-2956)/272 + 11 - 6/(-51)).
2, 3989
Let a = -103 - -271. Suppose -4*v = -20, i = -4*i - 5*v - 290. Let r = a + i. List the prime factors of r.
3, 5, 7
Let h = 144 + -92. Let x = h - 45. Let z = x - -281. List the prime factors of z.
2, 3
Let a be 303/(-5) - (-3)/5. Let u be (-255)/a + (-6)/(-8) - 0. Suppose x + 0*x + 51 = v, 0 = -x + u. What are the prime factors of v?
2, 7
Let b(o) = o**3 - o**2 - o + 624. Let k be b(0). Suppose 0 = -4*n + 8*n - k. Suppose n = z + 30. What are the prime factors of z?
2, 3, 7
Let b be -12*((-2)/4 - -1). Let j(s) = 3*s - 475*s**2 + 2 - 4*s - 1 + 477*s**2 + 0*s. What are the prime factors of j(b)?
79
Suppose 4*q + 4*h - 8004 = 3736, -2*q - 5*h + 5858 = 0. What are the prime factors of q?
2939
Let c be ((-6)/(-12))/(2/4). Suppose -6*h - 7 = -c. What are the prime factors of (-111)/18*(h - 5)?
37
Let q be 8*5*1/10. Let b(n) be the first derivative of n**4/4 - n**3/3 - 2*n**2 - n - 51. List the prime factors of b(q).
31
Let d(y) = -3*y - y**2 + 29 - 5 + y + 4*y**2. List the prime factors of d(-8).
2, 29
Suppose -2*y + 16568 = 2*s, -3*s + 0*s = -3*y + 24846. List the prime factors of y.
3, 11, 251
Let q = 583 + -523. Suppose 7*c = 8*c - q. List the prime factors of c.
2, 3, 5
Let t = 9179 + 8378. List the prime factors of t.
97, 181
Let n = -831 - -842. Suppose 5*m - 14 + 2 = -3*u, 0 = -m - 3. Suppose u*k - n*k = -168. List the prime factors of k.
2, 3, 7
Let x = -118 - -124. Suppose -x*u + 1562 = 